 13 divide 888472382?
False
Is 1890771 a multiple of 983?
False
Is 144483010 a multiple of 70?
True
Does 25 divide 6446400?
True
Is 49 a factor of 3873911580?
True
Is 183704255 a multiple of 69?
False
Is 56 a factor of 35232288?
True
Is 534 a factor of 24315831?
False
Is 2488713 a multiple of 239?
False
Is 351 a factor of 521519818?
False
Is 3748 a factor of 86166520?
True
Does 245 divide 3948888930?
True
Is 392911024 a multiple of 92?
True
Does 99 divide 80697573?
True
Is 245925361 a multiple of 2231?
True
Does 449 divide 173986396?
False
Is 104823448 a multiple of 3?
False
Does 45 divide 289558035?
True
Is 226297690 a multiple of 41?
False
Is 6191 a factor of 2120151287?
True
Does 41 divide 29303561?
True
Does 6 divide 61698814?
False
Is 23383875 a multiple of 3175?
True
Is 439938320 a multiple of 3?
False
Is 9834 a factor of 1456208886?
True
Is 77197401 a multiple of 16?
False
Does 29 divide 15171640?
True
Does 252 divide 340934580?
True
Is 50 a factor of 12006645?
False
Does 5 divide 12419785?
True
Is 11336547 a multiple of 424?
False
Is 8 a factor of 5505740?
False
Is 4265028645 a multiple of 37?
False
Is 5003341 a multiple of 33?
False
Is 87 a factor of 3478356211?
False
Does 3 divide 160677101?
False
Is 285 a factor of 273134310?
True
Is 42944810 a multiple of 97?
True
Is 44 a factor of 181098385?
False
Is 48 a factor of 4296412?
False
Is 37481358 a multiple of 56?
False
Is 5960253 a multiple of 205?
False
Is 35 a factor of 485750895?
True
Does 177 divide 1085464182?
True
Is 276 a factor of 23404265?
False
Is 12817728 a multiple of 84?
True
Is 151443808 a multiple of 1606?
False
Is 34 a factor of 278126703?
False
Is 494774 a multiple of 1198?
True
Is 64068560 a multiple of 8?
True
Does 3 divide 800501827?
False
Does 84 divide 1113649908?
True
Is 138857472 a multiple of 1159?
True
Does 652 divide 1607948056?
True
Is 1412317990 a multiple of 8122?
False
Is 11465311 a multiple of 59?
False
Is 12 a factor of 54341448?
True
Does 25 divide 17708689?
False
Is 10890505 a multiple of 15?
False
Does 767 divide 95147884?
True
Is 1237492720 a multiple of 20?
True
Is 309 a factor of 9653160?
True
Does 35 divide 43111443?
False
Is 37492932 a multiple of 67?
True
Is 12 a factor of 552310350?
False
Does 3170 divide 2706495280?
True
Is 3841052278 a multiple of 49?
True
Is 370739841 a multiple of 51?
False
Is 11232776 a multiple of 409?
True
Is 25 a factor of 1129530575?
True
Is 32 a factor of 1083980160?
True
Is 4169690 a multiple of 35?
True
Is 259 a factor of 2178708?
True
Is 541673664 a multiple of 56?
True
Does 234 divide 1475968104?
True
Is 47 a factor of 767118772?
True
Is 161 a factor of 3250596615?
False
Does 10 divide 6958676?
False
Does 39 divide 45920010?
False
Does 23 divide 564530123?
False
Is 153236403 a multiple of 1165?
False
Is 435469724 a multiple of 727?
False
Is 4935323479 a multiple of 20?
False
Is 750288960 a multiple of 216?
True
Does 241 divide 849043?
True
Is 3 a factor of 73293347?
False
Is 2944 a factor of 626889885?
False
Is 220 a factor of 1273778000?
True
Is 216427487 a multiple of 67?
True
Is 39 a factor of 726589293?
False
Is 10281528 a multiple of 211?
False
Is 1523833250 a multiple of 95?
True
Is 36968764 a multiple of 12?
False
Is 29393352 a multiple of 18?
True
Is 2457652 a multiple of 3?
False
Is 1548886888 a multiple of 3556?
False
Does 219 divide 113998041?
True
Is 17565111 a multiple of 484?
False
Does 512 divide 351589888?
True
Does 83 divide 248687424?
False
Is 165 a factor of 27071155?
False
Is 4 a factor of 247156532?
True
Is 168 a factor of 4960788840?
True
Does 1523 divide 12516014?
True
Is 8570681 a multiple of 198?
False
Is 6296170 a multiple of 10?
True
Does 1246 divide 12279330?
True
Is 8112696 a multiple of 152?
True
Does 318 divide 47889528?
True
Is 95 a factor of 9612860?
True
Is 64 a factor of 12783215?
False
Is 53957151 a multiple of 29?
False
Does 5 divide 947019266?
False
Is 3 a factor of 308388865?
False
Is 122574186 a multiple of 18?
True
Is 16504290 a multiple of 1485?
True
Does 53 divide 65619045?
False
Does 96 divide 4918752?
True
Is 3 a factor of 5121820?
False
Is 1144762 a multiple of 7?
False
Does 3765 divide 125186250?
True
Is 21 a factor of 11901372?
True
Does 3616 divide 513248052?
False
Is 650 a factor of 14267500?
True
Is 122 a factor of 1765584?
True
Does 868 divide 563392760?
True
Is 2809 a factor of 67528360?
True
Is 27 a factor of 55472379?
False
Is 106 a factor of 18694372?
True
Does 193 divide 5785466?
False
Is 4292 a factor of 819218558?
False
Does 84 divide 48642949?
False
Does 22 divide 535169316?
True
Is 428 a factor of 56665916?
True
Is 3 a factor of 178080138?
True
Is 13515334 a multiple of 8?
False
Is 322611578 a multiple of 291?
False
Is 90902035 a multiple of 5?
True
Is 431223434 a multiple of 1021?
True
Does 19 divide 70580136?
True
Is 7916100 a multiple of 12?
True
Is 162908119 a multiple of 43?
False
Is 1738 a factor of 80140918?
True
Is 1068363198 a multiple of 1116?
False
Does 462 divide 153698160?
True
Is 192931770 a multiple of 590?
True
Is 17537744 a multiple of 68?
True
Is 13558160 a multiple of 8?
True
Does 258 divide 28570146?
True
Is 363 a factor of 19283785?
False
Is 157097412 a multiple of 1062?
True
Is 9677985 a multiple of 2895?
True
Does 3223 divide 413371732?
False
Is 76 a factor of 476234696?
True
Does 5 divide 16617240?
True
Is 267 a factor of 113397570?
True
Is 98 a factor of 45321766?
True
Does 51 divide 2506684779?
False
Does 15 divide 304420161?
False
Is 186780102 a multiple of 23?
True
Is 424138038 a multiple of 573?
True
Is 245 a factor of 11505935?
True
Is 491 a factor of 528077374?
True
Is 1887615060 a multiple of 255?
True
Is 8 a factor of 79028166?
False
Is 275 a factor of 531409725?
True
Is 11 a factor of 147865237?
False
Is 127 a factor of 708211065?
False
Is 5 a factor of 116326490?
True
Is 993597852 a multiple of 5772?
True
Is 2654380 a multiple of 2?
True
Is 1003968 a multiple of 504?
True
Is 1066474181 a multiple of 4056?
False
Does 2106 divide 35637732?
True
Is 67424362 a multiple of 1646?
False
Does 885 divide 10149144?
False
Is 985138158 a multiple of 2872?
False
Does 3764 divide 75153950?
False
Is 229 a factor of 59303443?
True
Is 667863094 a multiple of 7601?
False
Is 362 a factor of 205965692?
True
Is 26 a factor of 29104582?
True
Is 1169 a factor of 22544490?
False
Is 17248348 a multiple of 43?
False
Does 26 divide 562982557?
False
Does 7 divide 179954631?
False
Does 35 divide 1562617980?
True
Does 204 divide 19338384?
True
Does 54 divide 2238087726?
True
Does 96 divide 23982816?
True
Is 77400826 a multiple of 3799?
True
Does 4068 divide 11148443?
False
Is 6809 a factor of 325313593?
True
Is 35772559 a multiple of 1732?
False
Is 876 a factor of 126851162?
False
Is 729 a factor of 140194719?
True
Is 6526482 a multiple of 40?
False
Does 34 divide 22559510?
True
Does 1490 divide 195060370?
True
Is 142866750 a multiple of 15?
True
Is 8 a factor of 5555040?
True
Does 39 divide 51892620?
True
Is 82 a factor of 103719422?
True
Does 829 divide 37763437?
True
Is 6160 a factor of 100518634?
False
Is 47 a factor of 1398234114?
True
Is 1234 a factor of 210073692?
True
Is 74902192 a multiple of 1432?
True
Is 1848 a factor of 12492480?
True
Is 2 a factor of 14286919?
False
Is 133 a factor of 1490826038?
False
Is 248 a factor of 1172386272?
True
Is 13 a factor of 19046482?
True
Does 14 divide 187506338?
False
Is 151 a factor of 76560553?
False
Is 185920700 a multiple of 2369?
False
Does 354 divide 1565026920?
True
Is 7933078 a multiple of 11?
False
Is 615218136 a multiple of 507?
True
Is 102 a factor of 696907871?
False
Is 164929768 a multiple of 376?
True
Is 12732825 a multiple of 1975?
True
Is 53491256 a multiple of 26?
True
Is 14 a factor of 29382934?
True
Is 90765890 a multiple of 10?
True
Is 309392455 a multiple of 19?
False
Is 725895664 a multiple of 26?
True
Is 14 a factor of 42248724?
True
Is 125293925 a multiple of 190?
False
Is 1742062856 a multiple of 16?
False
Does 20 divide 375820400?
True
Does 5482 divide 1090653918?
False
Does 14 divide 185288292?
True
Does 38 divide 179536349?
False
Is 1371123391 a multiple of 12?
False
Is 817812227 a multiple of 3679?
False
Is 5 a factor of 35194422?
False
Does 70 divide 97989360?
True
D